{"id":369804,"date":"2026-04-25T00:16:01","date_gmt":"2026-04-24T16:16:01","guid":{"rendered":"https:\/\/www.dafennet.com\/?post_type=product&#038;p=369804"},"modified":"2026-09-01T15:45:45","modified_gmt":"2026-09-01T07:45:45","slug":"aus-der-serie-on-kawara-today-handbemalte-leinwand-1-januar-1993-reproduktion-in-museumsqualitat","status":"publish","type":"product","link":"https:\/\/www.dafennet.com\/de\/on-kawara-today-series-hand-painted-canvas-jan-1-1993-museum-quality-reproduction\/","title":{"rendered":"On Kawara \u201eToday\u201c-Serie \u2013 Handbemalte Leinwand | 1. Januar 1993 \u2013 Reproduktion in Museumsqualit\u00e4t"},"content":{"rendered":"<div>\n<ul>\n<li style=\"list-style-type: none;\">\n<ul>\n<li>\n<div>On Kawaras <em>\u201eToday\u201c-Reihe<\/em> Er definierte die Konzeptkunst neu und setzte handbemalte Leinw\u00e4nde mit Datumsangaben ein, um Zeit, Existenz und Erinnerung zu erforschen. Diese Reproduktion wird der Vision des K\u00fcnstlers mit kompromissloser Pr\u00e4zision gerecht und eignet sich perfekt f\u00fcr moderne, minimalistische oder galerie\u00e4hnliche Innenr\u00e4ume.<\/div>\n<div><\/div>\n<h3>Handwerkskunst in Museumsqualit\u00e4t<\/h3>\n<div><\/div>\n<div>Im Gegensatz zu massenproduzierten Drucken wird jedes Detail von unseren erfahrenen K\u00fcnstlern (mit \u00fcber 30 Jahren Erfahrung) von Hand gemalt, um den urspr\u00fcnglichen Vorgaben von Kawara gerecht zu werden:<\/div>\n<div><\/div>\n<ul>\n<li><strong>Exakte Typografie:<\/strong> Nachgebildet mit derselben markanten serifenlosen Schriftart, demselben Zeichenabstand und demselben Kontrast wie das ikonische <em>\u201eToday\u201c-Reihe<\/em> funktioniert.<\/li>\n<li><strong>Authentische Verarbeitung:<\/strong> Eine matte, nicht gl\u00e4nzende Oberfl\u00e4che, die die subtile Struktur von Kawaras handbearbeiteten Leinw\u00e4nden widerspiegelt.<\/li>\n<li><strong>Hochwertige Materialien:<\/strong> Hergestellt aus glattem, extrafeinem belgischem Leinen f\u00fcr ein hochwertiges Erscheinungsbild und lange Haltbarkeit.<\/li>\n<li><strong>Originalgetreue Farbwiedergabe:<\/strong> Ein sorgf\u00e4ltig aufeinander abgestimmter, tief anthrazitfarbener Hintergrund und klarer, wei\u00dfer Text sorgen f\u00fcr den ikonischen minimalistischen Look.<\/li>\n<\/ul>\n<\/li>\n<\/ul>\n<\/li>\n<\/ul>\n<\/div>\n<ul>\n<li><span style=\"color: #555555;\">\u00a0<\/span><img decoding=\"async\" class=\"alignnone size-medium wp-image-14240 lazy-load-active\" style=\"color: #555555; font-size: 14.4px;\" title=\"\u00d6lgem\u00e4lde \u2019Der Wanderer \u00fcber dem Nebelmeer\u201c | Reproduktion von Caspar David Friedrich | Dafen Village Art 3\" src=\"https:\/\/www.dafennet.com\/wp-content\/uploads\/2024\/01\/%E6%9C%AA%E6%A0%87%E9%A2%98-1-1-800x397.gif\" sizes=\"(max-width: 800px) 100vw, 800px\" srcset=\"https:\/\/www.dafennet.com\/wp-content\/uploads\/2024\/01\/\u672a\u6807\u9898-1-1-800x397.gif 800w, https:\/\/www.dafennet.com\/wp-content\/uploads\/2024\/01\/\u672a\u6807\u9898-1-1-768x381.gif 768w, https:\/\/www.dafennet.com\/wp-content\/uploads\/2024\/01\/\u672a\u6807\u9898-1-1-510x253.gif 510w\" alt=\"\u00d6lgem\u00e4lde \u2019Der Wanderer \u00fcber dem Nebelmeer\u201c | Reproduktion von Caspar David Friedrich | \u00d6lgem\u00e4lde aus dem Dafen Village Art Studio\" width=\"800\" height=\"397\" data-src=\"https:\/\/www.dafennet.com\/wp-content\/uploads\/2024\/01\/%E6%9C%AA%E6%A0%87%E9%A2%98-1-1-800x397.gif\" data-srcset=\"https:\/\/www.dafennet.com\/wp-content\/uploads\/2024\/01\/\u672a\u6807\u9898-1-1-800x397.gif 800w, https:\/\/www.dafennet.com\/wp-content\/uploads\/2024\/01\/\u672a\u6807\u9898-1-1-768x381.gif 768w, https:\/\/www.dafennet.com\/wp-content\/uploads\/2024\/01\/\u672a\u6807\u9898-1-1-510x253.gif 510w\" \/><img decoding=\"async\" class=\"alignnone size-medium wp-image-14241 lazy-load-active\" style=\"color: #555555; font-size: 14.4px;\" title=\"\u00d6lgem\u00e4lde \u2019Der Wanderer \u00fcber dem Nebelmeer\u201c | Reproduktion von Caspar David Friedrich | Dafen Village Art 4\" src=\"https:\/\/www.dafennet.com\/wp-content\/uploads\/2024\/01\/33-800x201.gif\" sizes=\"(max-width: 800px) 100vw, 800px\" srcset=\"https:\/\/www.dafennet.com\/wp-content\/uploads\/2024\/01\/33-800x201.gif 800w, https:\/\/www.dafennet.com\/wp-content\/uploads\/2024\/01\/33-768x193.gif 768w, https:\/\/www.dafennet.com\/wp-content\/uploads\/2024\/01\/33-510x128.gif 510w\" alt=\"\u00d6lgem\u00e4lde \u2019Der Wanderer \u00fcber dem Nebelmeer\u201c | Reproduktion von Caspar David Friedrich | \u00d6lgem\u00e4lde aus dem Dafen Village Art Studio\" width=\"800\" height=\"201\" data-src=\"https:\/\/www.dafennet.com\/wp-content\/uploads\/2024\/01\/33-800x201.gif\" data-srcset=\"https:\/\/www.dafennet.com\/wp-content\/uploads\/2024\/01\/33-800x201.gif 800w, https:\/\/www.dafennet.com\/wp-content\/uploads\/2024\/01\/33-768x193.gif 768w, https:\/\/www.dafennet.com\/wp-content\/uploads\/2024\/01\/33-510x128.gif 510w\" \/><span style=\"color: #555555; font-size: 14.4px;\">\u00a0<\/span><img decoding=\"async\" class=\"alignnone size-medium wp-image-14242 lazy-load-active\" style=\"color: #555555; font-size: 14.4px;\" title=\"\u00d6lgem\u00e4lde \u2019Der Wanderer \u00fcber dem Nebelmeer\u201c | Reproduktion von Caspar David Friedrich | Dafen Village Art 5\" src=\"https:\/\/www.dafennet.com\/wp-content\/uploads\/2024\/01\/44-800x181.gif\" sizes=\"(max-width: 800px) 100vw, 800px\" srcset=\"https:\/\/www.dafennet.com\/wp-content\/uploads\/2024\/01\/44-800x181.gif 800w, https:\/\/www.dafennet.com\/wp-content\/uploads\/2024\/01\/44-768x174.gif 768w, https:\/\/www.dafennet.com\/wp-content\/uploads\/2024\/01\/44-510x116.gif 510w\" alt=\"\u00d6lgem\u00e4lde \u2019Der Wanderer \u00fcber dem Nebelmeer\u201c | Reproduktion von Caspar David Friedrich | \u00d6lgem\u00e4lde aus dem Dafen Village Art Studio\" width=\"800\" height=\"181\" data-src=\"https:\/\/www.dafennet.com\/wp-content\/uploads\/2024\/01\/44-800x181.gif\" data-srcset=\"https:\/\/www.dafennet.com\/wp-content\/uploads\/2024\/01\/44-800x181.gif 800w, https:\/\/www.dafennet.com\/wp-content\/uploads\/2024\/01\/44-768x174.gif 768w, https:\/\/www.dafennet.com\/wp-content\/uploads\/2024\/01\/44-510x116.gif 510w\" \/><span style=\"color: #555555; font-size: 14.4px;\">\u00a0<\/span><img decoding=\"async\" class=\"alignnone size-medium wp-image-14243 lazy-load-active\" style=\"color: #555555; font-size: 14.4px;\" title=\"\u00d6lgem\u00e4lde \u2019Der Wanderer \u00fcber dem Nebelmeer\u201c | Reproduktion von Caspar David Friedrich | Dafen Village Art 6\" src=\"https:\/\/www.dafennet.com\/wp-content\/uploads\/2024\/01\/55-800x240.gif\" sizes=\"(max-width: 800px) 100vw, 800px\" srcset=\"https:\/\/www.dafennet.com\/wp-content\/uploads\/2024\/01\/55-800x240.gif 800w, https:\/\/www.dafennet.com\/wp-content\/uploads\/2024\/01\/55-768x230.gif 768w, https:\/\/www.dafennet.com\/wp-content\/uploads\/2024\/01\/55-510x153.gif 510w\" alt=\"\u00d6lgem\u00e4lde \u2019Der Wanderer \u00fcber dem Nebelmeer\u201c | Reproduktion von Caspar David Friedrich | \u00d6lgem\u00e4lde aus dem Dafen Village Art Studio\" width=\"800\" height=\"240\" data-src=\"https:\/\/www.dafennet.com\/wp-content\/uploads\/2024\/01\/55-800x240.gif\" data-srcset=\"https:\/\/www.dafennet.com\/wp-content\/uploads\/2024\/01\/55-800x240.gif 800w, https:\/\/www.dafennet.com\/wp-content\/uploads\/2024\/01\/55-768x230.gif 768w, https:\/\/www.dafennet.com\/wp-content\/uploads\/2024\/01\/55-510x153.gif 510w\" \/><\/li>\n<\/ul>\n<p><img decoding=\"async\" class=\"alignnone size-medium wp-image-14244 lazy-load-active\" title=\"\u00d6lgem\u00e4lde \u2019Der Wanderer \u00fcber dem Nebelmeer\u201c | Reproduktion von Caspar David Friedrich | Dafen Village Art 7\" src=\"https:\/\/www.dafennet.com\/wp-content\/uploads\/2024\/01\/66-800x236.gif\" sizes=\"(max-width: 800px) 100vw, 800px\" srcset=\"https:\/\/www.dafennet.com\/wp-content\/uploads\/2024\/01\/66-800x236.gif 800w, https:\/\/www.dafennet.com\/wp-content\/uploads\/2024\/01\/66-768x226.gif 768w, https:\/\/www.dafennet.com\/wp-content\/uploads\/2024\/01\/66-510x150.gif 510w\" alt=\"\u00d6lgem\u00e4lde \u2019Der Wanderer \u00fcber dem Nebelmeer\u201c | Reproduktion von Caspar David Friedrich | \u00d6lgem\u00e4lde aus dem Dafen Village Art Studio\" width=\"800\" height=\"236\" data-src=\"https:\/\/www.dafennet.com\/wp-content\/uploads\/2024\/01\/66-800x236.gif\" data-srcset=\"https:\/\/www.dafennet.com\/wp-content\/uploads\/2024\/01\/66-800x236.gif 800w, https:\/\/www.dafennet.com\/wp-content\/uploads\/2024\/01\/66-768x226.gif 768w, https:\/\/www.dafennet.com\/wp-content\/uploads\/2024\/01\/66-510x150.gif 510w\" \/><\/p>","protected":false},"excerpt":{"rendered":"<p>On Kawara\u2019s Today Series redefined conceptual art, using hand-painted date canvases to explore time, existence, and memory. This reproduction honors the artist\u2019s vision with uncompromising precision, perfect for modern, minimalist, or gallery-style interiors. Museum-Quality Craftsmanship Unlike mass-produced prints, every detail is hand-painted by our senior artists (30+ years of experience) to match Kawara\u2019s original specifications: [&#8230;]\n","protected":false},"featured_media":369805,"comment_status":"open","ping_status":"closed","template":"","meta":[],"product_brand":[420],"product_cat":[140,181],"product_tag":[],"class_list":["post-369804","product","type-product","status-publish","has-post-thumbnail","product_brand-dafen-oil-painting-studio","product_cat-abstract","product_cat-minimalist","first","instock","shipping-taxable","purchasable","product-type-simple"],"_links":{"self":[{"href":"https:\/\/www.dafennet.com\/de\/wp-json\/wp\/v2\/product\/369804","targetHints":{"allow":["GET"]}}],"collection":[{"href":"https:\/\/www.dafennet.com\/de\/wp-json\/wp\/v2\/product"}],"about":[{"href":"https:\/\/www.dafennet.com\/de\/wp-json\/wp\/v2\/types\/product"}],"replies":[{"embeddable":true,"href":"https:\/\/www.dafennet.com\/de\/wp-json\/wp\/v2\/comments?post=369804"}],"wp:featuredmedia":[{"embeddable":true,"href":"https:\/\/www.dafennet.com\/de\/wp-json\/wp\/v2\/media\/369805"}],"wp:attachment":[{"href":"https:\/\/www.dafennet.com\/de\/wp-json\/wp\/v2\/media?parent=369804"}],"wp:term":[{"taxonomy":"product_brand","embeddable":true,"href":"https:\/\/www.dafennet.com\/de\/wp-json\/wp\/v2\/product_brand?post=369804"},{"taxonomy":"product_cat","embeddable":true,"href":"https:\/\/www.dafennet.com\/de\/wp-json\/wp\/v2\/product_cat?post=369804"},{"taxonomy":"product_tag","embeddable":true,"href":"https:\/\/www.dafennet.com\/de\/wp-json\/wp\/v2\/product_tag?post=369804"}],"curies":[{"name":"wp","href":"https:\/\/api.w.org\/{rel}","templated":true}]}}

On Kawara „Today“-Serie – Handbemalte Leinwand | 1. Januar 1993 – Reproduktion in Museumsqualität

<div>
<ul>
<li style="list-style-type: none;">
<ul>
<li>
<div>On Kawaras <em>„Today“-Reihe</em> Er definierte die Konzeptkunst neu und setzte handbemalte Leinwände mit Datumsangaben ein, um Zeit, Existenz und Erinnerung zu erforschen. Diese Reproduktion wird der Vision des Künstlers mit kompromissloser Präzision gerecht und eignet sich perfekt für moderne, minimalistische oder galerieähnliche Innenräume.</div>
<div></div>
<h3>Handwerkskunst in Museumsqualität</h3>
<div></div>
<div>Im Gegensatz zu massenproduzierten Drucken wird jedes Detail von unseren erfahrenen Künstlern (mit über 30 Jahren Erfahrung) von Hand gemalt, um den ursprünglichen Vorgaben von Kawara gerecht zu werden:</div>
<div></div>
<ul>
<li><strong>Exakte Typografie:</strong> Nachgebildet mit derselben markanten serifenlosen Schriftart, demselben Zeichenabstand und demselben Kontrast wie das ikonische <em>„Today“-Reihe</em> funktioniert.</li>
<li><strong>Authentische Verarbeitung:</strong> Eine matte, nicht glänzende Oberfläche, die die subtile Struktur von Kawaras handbearbeiteten Leinwänden widerspiegelt.</li>
<li><strong>Hochwertige Materialien:</strong> Hergestellt aus glattem, extrafeinem belgischem Leinen für ein hochwertiges Erscheinungsbild und lange Haltbarkeit.</li>
<li><strong>Originalgetreue Farbwiedergabe:</strong> Ein sorgfältig aufeinander abgestimmter, tief anthrazitfarbener Hintergrund und klarer, weißer Text sorgen für den ikonischen minimalistischen Look.</li>
</ul>
</li>
</ul>
</li>
</ul>
</div>
<ul>
<li><span style="color: #555555;"> </span><img decoding="async" class="alignnone size-medium wp-image-14240 lazy-load-active" style="color: #555555; font-size: 14.4px;" title="Ölgemälde ’Der Wanderer über dem Nebelmeer“ | Reproduktion von Caspar David Friedrich | Dafen Village Art 3" src="https://www.dafennet.com/wp-content/uploads/2024/01/%E6%9C%AA%E6%A0%87%E9%A2%98-1-1-800x397.gif" sizes="(max-width: 800px) 100vw, 800px" srcset="https://www.dafennet.com/wp-content/uploads/2024/01/未标题-1-1-800x397.gif 800w, https://www.dafennet.com/wp-content/uploads/2024/01/未标题-1-1-768x381.gif 768w, https://www.dafennet.com/wp-content/uploads/2024/01/未标题-1-1-510x253.gif 510w" alt="Ölgemälde ’Der Wanderer über dem Nebelmeer“ | Reproduktion von Caspar David Friedrich | Ölgemälde aus dem Dafen Village Art Studio" width="800" height="397" data-src="https://www.dafennet.com/wp-content/uploads/2024/01/%E6%9C%AA%E6%A0%87%E9%A2%98-1-1-800x397.gif" data-srcset="https://www.dafennet.com/wp-content/uploads/2024/01/未标题-1-1-800x397.gif 800w, https://www.dafennet.com/wp-content/uploads/2024/01/未标题-1-1-768x381.gif 768w, https://www.dafennet.com/wp-content/uploads/2024/01/未标题-1-1-510x253.gif 510w" /><img decoding="async" class="alignnone size-medium wp-image-14241 lazy-load-active" style="color: #555555; font-size: 14.4px;" title="Ölgemälde ’Der Wanderer über dem Nebelmeer“ | Reproduktion von Caspar David Friedrich | Dafen Village Art 4" src="https://www.dafennet.com/wp-content/uploads/2024/01/33-800x201.gif" sizes="(max-width: 800px) 100vw, 800px" srcset="https://www.dafennet.com/wp-content/uploads/2024/01/33-800x201.gif 800w, https://www.dafennet.com/wp-content/uploads/2024/01/33-768x193.gif 768w, https://www.dafennet.com/wp-content/uploads/2024/01/33-510x128.gif 510w" alt="Ölgemälde ’Der Wanderer über dem Nebelmeer“ | Reproduktion von Caspar David Friedrich | Ölgemälde aus dem Dafen Village Art Studio" width="800" height="201" data-src="https://www.dafennet.com/wp-content/uploads/2024/01/33-800x201.gif" data-srcset="https://www.dafennet.com/wp-content/uploads/2024/01/33-800x201.gif 800w, https://www.dafennet.com/wp-content/uploads/2024/01/33-768x193.gif 768w, https://www.dafennet.com/wp-content/uploads/2024/01/33-510x128.gif 510w" /><span style="color: #555555; font-size: 14.4px;"> </span><img decoding="async" class="alignnone size-medium wp-image-14242 lazy-load-active" style="color: #555555; font-size: 14.4px;" title="Ölgemälde ’Der Wanderer über dem Nebelmeer“ | Reproduktion von Caspar David Friedrich | Dafen Village Art 5" src="https://www.dafennet.com/wp-content/uploads/2024/01/44-800x181.gif" sizes="(max-width: 800px) 100vw, 800px" srcset="https://www.dafennet.com/wp-content/uploads/2024/01/44-800x181.gif 800w, https://www.dafennet.com/wp-content/uploads/2024/01/44-768x174.gif 768w, https://www.dafennet.com/wp-content/uploads/2024/01/44-510x116.gif 510w" alt="Ölgemälde ’Der Wanderer über dem Nebelmeer“ | Reproduktion von Caspar David Friedrich | Ölgemälde aus dem Dafen Village Art Studio" width="800" height="181" data-src="https://www.dafennet.com/wp-content/uploads/2024/01/44-800x181.gif" data-srcset="https://www.dafennet.com/wp-content/uploads/2024/01/44-800x181.gif 800w, https://www.dafennet.com/wp-content/uploads/2024/01/44-768x174.gif 768w, https://www.dafennet.com/wp-content/uploads/2024/01/44-510x116.gif 510w" /><span style="color: #555555; font-size: 14.4px;"> </span><img decoding="async" class="alignnone size-medium wp-image-14243 lazy-load-active" style="color: #555555; font-size: 14.4px;" title="Ölgemälde ’Der Wanderer über dem Nebelmeer“ | Reproduktion von Caspar David Friedrich | Dafen Village Art 6" src="https://www.dafennet.com/wp-content/uploads/2024/01/55-800x240.gif" sizes="(max-width: 800px) 100vw, 800px" srcset="https://www.dafennet.com/wp-content/uploads/2024/01/55-800x240.gif 800w, https://www.dafennet.com/wp-content/uploads/2024/01/55-768x230.gif 768w, https://www.dafennet.com/wp-content/uploads/2024/01/55-510x153.gif 510w" alt="Ölgemälde ’Der Wanderer über dem Nebelmeer“ | Reproduktion von Caspar David Friedrich | Ölgemälde aus dem Dafen Village Art Studio" width="800" height="240" data-src="https://www.dafennet.com/wp-content/uploads/2024/01/55-800x240.gif" data-srcset="https://www.dafennet.com/wp-content/uploads/2024/01/55-800x240.gif 800w, https://www.dafennet.com/wp-content/uploads/2024/01/55-768x230.gif 768w, https://www.dafennet.com/wp-content/uploads/2024/01/55-510x153.gif 510w" /></li>
</ul>
<p><img decoding="async" class="alignnone size-medium wp-image-14244 lazy-load-active" title="Ölgemälde ’Der Wanderer über dem Nebelmeer“ | Reproduktion von Caspar David Friedrich | Dafen Village Art 7" src="https://www.dafennet.com/wp-content/uploads/2024/01/66-800x236.gif" sizes="(max-width: 800px) 100vw, 800px" srcset="https://www.dafennet.com/wp-content/uploads/2024/01/66-800x236.gif 800w, https://www.dafennet.com/wp-content/uploads/2024/01/66-768x226.gif 768w, https://www.dafennet.com/wp-content/uploads/2024/01/66-510x150.gif 510w" alt="Ölgemälde ’Der Wanderer über dem Nebelmeer“ | Reproduktion von Caspar David Friedrich | Ölgemälde aus dem Dafen Village Art Studio" width="800" height="236" data-src="https://www.dafennet.com/wp-content/uploads/2024/01/66-800x236.gif" data-srcset="https://www.dafennet.com/wp-content/uploads/2024/01/66-800x236.gif 800w, https://www.dafennet.com/wp-content/uploads/2024/01/66-768x226.gif 768w, https://www.dafennet.com/wp-content/uploads/2024/01/66-510x150.gif 510w" /></p>
